[INFO] fetching crate ntex 0.1.22...
[INFO] checking ntex-0.1.22 against try#72f88fc4e9458f89516a0b8b0868f3718aec5b47 for pr-74989
[INFO] extracting crate ntex 0.1.22 into /workspace/builds/worker-6/source
[INFO] validating manifest of crates.io crate ntex 0.1.22 on toolchain 72f88fc4e9458f89516a0b8b0868f3718aec5b47
[INFO] running `Command { std: "/workspace/cargo-home/bin/cargo" "+72f88fc4e9458f89516a0b8b0868f3718aec5b47" "read-manifest" "--manifest-path" "Cargo.toml", kill_on_drop: false }`
[INFO] started tweaking crates.io crate ntex 0.1.22
[INFO] finished tweaking crates.io crate ntex 0.1.22
[INFO] tweaked toml for crates.io crate ntex 0.1.22 written to /workspace/builds/worker-6/source/Cargo.toml
[INFO] crate crates.io crate ntex 0.1.22 already has a lockfile, it will not be regenerated
[INFO] running `Command { std: "/workspace/cargo-home/bin/cargo" "+72f88fc4e9458f89516a0b8b0868f3718aec5b47" "fetch" "--locked" "--manifest-path" "Cargo.toml", kill_on_drop: false }`
[INFO] [stderr]  Downloading crates ...
[INFO] [stderr]   Downloaded untrusted v0.7.1
[INFO] [stderr]   Downloaded webpki-roots v0.20.0
[INFO] [stderr]   Downloaded tokio-openssl v0.4.0
[INFO] [stderr]   Downloaded spin v0.5.2
[INFO] [stderr]   Downloaded ring v0.16.15
[INFO] [stderr]   Downloaded rustls v0.18.1
[INFO] [stderr]   Downloaded cookie v0.14.2
[INFO] [stderr]   Downloaded brotli2 v0.3.2
[INFO] [stderr]   Downloaded sct v0.6.0
[INFO] [stderr]   Downloaded tokio-rustls v0.14.0
[INFO] [stderr]   Downloaded webpki v0.21.3
[INFO] [stderr]   Downloaded brotli-sys v0.3.2
[INFO] running `Command { std: "docker" "create" "-v" "/var/lib/crater-agent-workspace/builds/worker-6/target:/opt/rustwide/target:rw,Z" "-v" "/var/lib/crater-agent-workspace/builds/worker-6/source:/opt/rustwide/workdir:ro,Z" "-v" "/var/lib/crater-agent-workspace/cargo-home:/opt/rustwide/cargo-home:ro,Z" "-v" "/var/lib/crater-agent-workspace/rustup-home:/opt/rustwide/rustup-home:ro,Z" "-e" "SOURCE_DIR=/opt/rustwide/workdir" "-e" "CARGO_TARGET_DIR=/opt/rustwide/target" "-e" "CARGO_HOME=/opt/rustwide/cargo-home" "-e" "RUSTUP_HOME=/opt/rustwide/rustup-home" "-w" "/opt/rustwide/workdir" "-m" "1610612736" "--user" "0:0" "--network" "none" "rustops/crates-build-env@sha256:d92eaeed33fa75130ca1ee6c8a01d1ffb62bac859dfdfb3450e3e5d1c0146529" "/opt/rustwide/cargo-home/bin/cargo" "+72f88fc4e9458f89516a0b8b0868f3718aec5b47" "metadata" "--no-deps" "--format-version=1", kill_on_drop: false }`
[INFO] [stdout] 4e34bf4be5da369209a7f61f2199ffeb28c844060c77a0e564fa450953413952
[INFO] [stderr] WARNING: Your kernel does not support swap limit capabilities or the cgroup is not mounted. Memory limited without swap.
[INFO] running `Command { std: "docker" "start" "-a" "4e34bf4be5da369209a7f61f2199ffeb28c844060c77a0e564fa450953413952", kill_on_drop: false }`
[INFO] running `Command { std: "docker" "inspect" "4e34bf4be5da369209a7f61f2199ffeb28c844060c77a0e564fa450953413952", kill_on_drop: false }`
[INFO] running `Command { std: "docker" "rm" "-f" "4e34bf4be5da369209a7f61f2199ffeb28c844060c77a0e564fa450953413952", kill_on_drop: false }`
[INFO] [stdout] 4e34bf4be5da369209a7f61f2199ffeb28c844060c77a0e564fa450953413952
[INFO] running `Command { std: "docker" "create" "-v" "/var/lib/crater-agent-workspace/builds/worker-6/target:/opt/rustwide/target:rw,Z" "-v" "/var/lib/crater-agent-workspace/builds/worker-6/source:/opt/rustwide/workdir:ro,Z" "-v" "/var/lib/crater-agent-workspace/cargo-home:/opt/rustwide/cargo-home:ro,Z" "-v" "/var/lib/crater-agent-workspace/rustup-home:/opt/rustwide/rustup-home:ro,Z" "-e" "SOURCE_DIR=/opt/rustwide/workdir" "-e" "CARGO_TARGET_DIR=/opt/rustwide/target" "-e" "CARGO_INCREMENTAL=0" "-e" "RUST_BACKTRACE=full" "-e" "RUSTFLAGS=--cap-lints=forbid" "-e" "CARGO_HOME=/opt/rustwide/cargo-home" "-e" "RUSTUP_HOME=/opt/rustwide/rustup-home" "-w" "/opt/rustwide/workdir" "-m" "1610612736" "--user" "0:0" "--network" "none" "rustops/crates-build-env@sha256:d92eaeed33fa75130ca1ee6c8a01d1ffb62bac859dfdfb3450e3e5d1c0146529" "/opt/rustwide/cargo-home/bin/cargo" "+72f88fc4e9458f89516a0b8b0868f3718aec5b47" "check" "--frozen" "--all" "--all-targets" "--message-format=json", kill_on_drop: false }`
[INFO] [stdout] 1c4f46abdb316a8a7fc12553a922eb3b2d4c31b1c31ad6c26c70afc5d8939b9a
[INFO] [stderr] WARNING: Your kernel does not support swap limit capabilities or the cgroup is not mounted. Memory limited without swap.
[INFO] running `Command { std: "docker" "start" "-a" "1c4f46abdb316a8a7fc12553a922eb3b2d4c31b1c31ad6c26c70afc5d8939b9a", kill_on_drop: false }`
[INFO] [stderr]    Compiling unicode-xid v0.2.1
[INFO] [stderr]    Compiling syn v1.0.39
[INFO] [stderr]     Checking cfg-if v0.1.10
[INFO] [stderr]    Compiling memchr v2.3.3
[INFO] [stderr]     Checking lazy_static v1.4.0
[INFO] [stderr]     Checking futures-core v0.3.5
[INFO] [stderr]     Checking slab v0.4.2
[INFO] [stderr]     Checking futures-sink v0.3.5
[INFO] [stderr]     Checking once_cell v1.4.1
[INFO] [stderr]    Compiling autocfg v1.0.1
[INFO] [stderr]    Compiling proc-macro-hack v0.5.18
[INFO] [stderr]    Compiling pin-project-internal v0.4.23
[INFO] [stderr]    Compiling proc-macro-nested v0.1.6
[INFO] [stderr]     Checking bytes v0.5.6
[INFO] [stderr]     Checking pin-utils v0.1.0
[INFO] [stderr]     Checking futures-io v0.3.5
[INFO] [stderr]     Checking pin-project-lite v0.1.7
[INFO] [stderr]     Checking smallvec v1.4.2
[INFO] [stderr]     Checking tinyvec v0.3.4
[INFO] [stderr]     Checking matches v0.1.8
[INFO] [stderr]     Checking itoa v0.4.6
[INFO] [stderr]     Checking scopeguard v1.1.0
[INFO] [stderr]    Compiling bitflags v1.2.1
[INFO] [stderr]     Checking quick-error v1.2.3
[INFO] [stderr]     Checking ppv-lite86 v0.2.9
[INFO] [stderr]     Checking percent-encoding v2.1.0
[INFO] [stderr]     Checking instant v0.1.6
[INFO] [stderr]     Checking match_cfg v0.1.0
[INFO] [stderr]     Checking fnv v1.0.7
[INFO] [stderr]     Checking regex-syntax v0.6.18
[INFO] [stderr]    Compiling byteorder v1.3.4
[INFO] [stderr]    Compiling encoding_rs v0.8.24
[INFO] [stderr]     Checking base64 v0.12.3
[INFO] [stderr]    Compiling openssl v0.10.30
[INFO] [stderr]     Checking mime v0.3.16
[INFO] [stderr]     Checking either v1.6.0
[INFO] [stderr]    Compiling standback v0.2.10
[INFO] [stderr]    Compiling time v0.2.16
[INFO] [stderr]    Compiling ring v0.16.15
[INFO] [stderr]     Checking thread_local v1.0.1
[INFO] [stderr]     Checking tracing-core v0.1.15
[INFO] [stderr]     Checking futures-channel v0.3.5
[INFO] [stderr]     Checking futures-task v0.3.5
[INFO] [stderr]     Checking unicode-bidi v0.3.4
[INFO] [stderr]     Checking lock_api v0.4.1
[INFO] [stderr]     Checking humantime v1.3.0
[INFO] [stderr]     Checking lru-cache v0.1.2
[INFO] [stderr]    Compiling proc-macro2 v1.0.19
[INFO] [stderr]     Checking log v0.4.11
[INFO] [stderr]     Checking unicode-normalization v0.1.13
[INFO] [stderr]     Checking http v0.2.1
[INFO] [stderr]     Checking bytestring v0.1.5
[INFO] [stderr]    Compiling hashbrown v0.8.2
[INFO] [stderr]    Compiling openssl-sys v0.9.58
[INFO] [stderr]    Compiling indexmap v1.5.1
[INFO] [stderr]     Checking iovec v0.1.4
[INFO] [stderr]     Checking net2 v0.2.34
[INFO] [stderr]     Checking signal-hook-registry v1.2.1
[INFO] [stderr]     Checking getrandom v0.1.14
[INFO] [stderr]     Checking num_cpus v1.13.0
[INFO] [stderr]     Checking parking_lot_core v0.8.0
[INFO] [stderr]     Checking backtrace v0.3.50
[INFO] [stderr]     Checking hostname v0.3.1
[INFO] [stderr]     Checking socket2 v0.3.12
[INFO] [stderr]     Checking atty v0.2.14
[INFO] [stderr]     Checking tracing v0.1.19
[INFO] [stderr]     Checking threadpool v1.8.1
[INFO] [stderr]     Checking aho-corasick v0.7.13
[INFO] [stderr]     Checking mio v0.6.22
[INFO] [stderr]     Checking rand_core v0.5.1
[INFO] [stderr]     Checking resolv-conf v0.6.3
[INFO] [stderr]    Compiling quote v1.0.7
[INFO] [stderr]     Checking parking_lot v0.11.0
[INFO] [stderr]     Checking sha-1 v0.9.1
[INFO] [stderr]     Checking rand_chacha v0.2.2
[INFO] [stderr]     Checking fxhash v0.2.1
[INFO] [stderr]     Checking idna v0.2.0
[INFO] [stderr]     Checking rand v0.7.3
[INFO] [stderr]     Checking mio-uds v0.6.8
[INFO] [stderr]     Checking tokio v0.2.22
[INFO] [stderr]     Checking url v2.1.1
[INFO] [stderr]     Checking regex v1.3.9
[INFO] [stderr]     Checking env_logger v0.7.1
[INFO] [stderr]     Checking webpki v0.21.3
[INFO] [stderr]     Checking sct v0.6.0
[INFO] [stderr]     Checking rustls v0.18.1
[INFO] [stderr]     Checking tokio-util v0.2.0
[INFO] [stderr]     Checking tokio-util v0.3.1
[INFO] [stderr]     Checking ntex-codec v0.1.2
[INFO] [stderr]    Compiling futures-macro v0.3.5
[INFO] [stderr]    Compiling serde_derive v1.0.115
[INFO] [stderr]    Compiling thiserror-impl v1.0.20
[INFO] [stderr]    Compiling derive_more v0.99.9
[INFO] [stderr]    Compiling async-trait v0.1.38
[INFO] [stderr]    Compiling time-macros-impl v0.1.1
[INFO] [stderr]    Compiling enum-as-inner v0.3.3
[INFO] [stderr]    Compiling ntex-rt-macros v0.1.0
[INFO] [stderr]    Compiling ntex-macros v0.1.0
[INFO] [stderr]     Checking time-macros v0.1.0
[INFO] [stderr]     Checking thiserror v1.0.20
[INFO] [stderr]     Checking pin-project v0.4.23
[INFO] [stderr]     Checking futures-util v0.3.5
[INFO] [stderr]     Checking actix-threadpool v0.3.3
[INFO] [stderr]     Checking serde v1.0.115
[INFO] [stderr]     Checking futures-executor v0.3.5
[INFO] [stderr]     Checking ntex-service v0.1.3
[INFO] [stderr]     Checking h2 v0.2.6
[INFO] [stderr]     Checking futures v0.3.5
[INFO] [stderr]     Checking trust-dns-proto v0.19.5
[INFO] [stderr]     Checking ntex-rt v0.1.1
[INFO] [stderr]     Checking trust-dns-resolver v0.19.5
[INFO] [stderr]     Checking ntex-router v0.3.5
[INFO] [stderr]     Checking serde_urlencoded v0.6.1
[INFO] [stderr]     Checking serde_json v1.0.57
[INFO] [stderr]     Checking ntex v0.1.22 (/opt/rustwide/workdir)
[INFO] [stdout] warning: use of deprecated constant `framed::handshake::tests::test_result`
[INFO] [stdout]    --> src/framed/handshake.rs:148:5
[INFO] [stdout]     |
[INFO] [stdout] 148 |     #[ntex_rt::test]
[INFO] [stdout]     |     ^^^^^^^^^^^^^^^^
[INFO] [stdout]     |
[INFO] [stdout]     = note: `#[warn(deprecated)]` on by default
[INFO] [stdout]     = note: this warning originates in an attribute macro (in Nightly builds, run with -Z macro-backtrace for more info)
[INFO] [stdout] 
[INFO] [stdout] 
[INFO] [stdout] error[E0433]: failed to resolve: use of undeclared type or module `brotli2`
[INFO] [stdout]  --> tests/web_server.rs:6:5
[INFO] [stdout]   |
[INFO] [stdout] 6 | use brotli2::write::{BrotliDecoder, BrotliEncoder};
[INFO] [stdout]   |     ^^^^^^^ use of undeclared type or module `brotli2`
[INFO] [stdout] 
[INFO] [stdout] 
[INFO] [stdout] error[E0433]: failed to resolve: use of undeclared type or module `flate2`
[INFO] [stdout]  --> tests/web_server.rs:9:5
[INFO] [stdout]   |
[INFO] [stdout] 9 | use flate2::read::GzDecoder;
[INFO] [stdout]   |     ^^^^^^ use of undeclared type or module `flate2`
[INFO] [stdout] 
[INFO] [stdout] 
[INFO] [stdout] error[E0433]: failed to resolve: use of undeclared type or module `flate2`
[INFO] [stdout]   --> tests/web_server.rs:10:5
[INFO] [stdout]    |
[INFO] [stdout] 10 | use flate2::write::{GzEncoder, ZlibDecoder, ZlibEncoder};
[INFO] [stdout]    |     ^^^^^^ use of undeclared type or module `flate2`
[INFO] [stdout] 
[INFO] [stdout] 
[INFO] [stdout] error[E0432]: unresolved import `ntex::web::middleware::Compress`
[INFO] [stdout]   --> tests/web_server.rs:22:5
[INFO] [stdout]    |
[INFO] [stdout] 22 | use ntex::web::middleware::Compress;
[INFO] [stdout]    |     ^^^^^^^^^^^^^^^^^^^^^^^^^^^^^^^ no `Compress` in `web::middleware`
[INFO] [stdout] 
[INFO] [stdout] 
[INFO] [stdout] error[E0432]: unresolved import `flate2`
[INFO] [stdout]   --> tests/web_server.rs:11:5
[INFO] [stdout]    |
[INFO] [stdout] 11 | use flate2::Compression;
[INFO] [stdout]    |     ^^^^^^ use of undeclared type or module `flate2`
[INFO] [stdout] 
[INFO] [stdout] 
[INFO] [stdout] error[E0433]: failed to resolve: use of undeclared type or module `GzDecoder`
[INFO] [stdout]    --> tests/web_server.rs:125:17
[INFO] [stdout]     |
[INFO] [stdout] 125 |     let mut e = GzDecoder::new(&bytes[..]);
[INFO] [stdout]     |                 ^^^^^^^^^ use of undeclared type or module `GzDecoder`
[INFO] [stdout] 
[INFO] [stdout] 
[INFO] [stdout] error[E0433]: failed to resolve: use of undeclared type or module `GzDecoder`
[INFO] [stdout]    --> tests/web_server.rs:154:17
[INFO] [stdout]     |
[INFO] [stdout] 154 |     let mut e = GzDecoder::new(&bytes[..]);
[INFO] [stdout]     |                 ^^^^^^^^^ use of undeclared type or module `GzDecoder`
[INFO] [stdout] 
[INFO] [stdout] 
[INFO] [stdout] error[E0433]: failed to resolve: use of undeclared type or module `ZlibDecoder`
[INFO] [stdout]    --> tests/web_server.rs:194:17
[INFO] [stdout]     |
[INFO] [stdout] 194 |     let mut e = ZlibDecoder::new(Vec::new());
[INFO] [stdout]     |                 ^^^^^^^^^^^ use of undeclared type or module `ZlibDecoder`
[INFO] [stdout] 
[INFO] [stdout] 
[INFO] [stdout] error[E0433]: failed to resolve: use of undeclared type or module `ZlibDecoder`
[INFO] [stdout]    --> tests/web_server.rs:213:17
[INFO] [stdout]     |
[INFO] [stdout] 213 |     let mut e = ZlibDecoder::new(Vec::new());
[INFO] [stdout]     |                 ^^^^^^^^^^^ use of undeclared type or module `ZlibDecoder`
[INFO] [stdout] 
[INFO] [stdout] 
[INFO] [stdout] error[E0433]: failed to resolve: use of undeclared type or module `GzDecoder`
[INFO] [stdout]    --> tests/web_server.rs:246:17
[INFO] [stdout]     |
[INFO] [stdout] 246 |     let mut e = GzDecoder::new(&bytes[..]);
[INFO] [stdout]     |                 ^^^^^^^^^ use of undeclared type or module `GzDecoder`
[INFO] [stdout] 
[INFO] [stdout] 
[INFO] [stdout] error[E0433]: failed to resolve: use of undeclared type or module `GzDecoder`
[INFO] [stdout]    --> tests/web_server.rs:282:17
[INFO] [stdout]     |
[INFO] [stdout] 282 |     let mut e = GzDecoder::new(&bytes[..]);
[INFO] [stdout]     |                 ^^^^^^^^^ use of undeclared type or module `GzDecoder`
[INFO] [stdout] 
[INFO] [stdout] 
[INFO] [stdout] error[E0433]: failed to resolve: use of undeclared type or module `GzDecoder`
[INFO] [stdout]    --> tests/web_server.rs:317:17
[INFO] [stdout]     |
[INFO] [stdout] 317 |     let mut e = GzDecoder::new(&bytes[..]);
[INFO] [stdout]     |                 ^^^^^^^^^ use of undeclared type or module `GzDecoder`
[INFO] [stdout] 
[INFO] [stdout] 
[INFO] [stdout] error[E0433]: failed to resolve: use of undeclared type or module `BrotliDecoder`
[INFO] [stdout]    --> tests/web_server.rs:347:17
[INFO] [stdout]     |
[INFO] [stdout] 347 |     let mut e = BrotliDecoder::new(Vec::with_capacity(2048));
[INFO] [stdout]     |                 ^^^^^^^^^^^^^ use of undeclared type or module `BrotliDecoder`
[INFO] [stdout] 
[INFO] [stdout] 
[INFO] [stdout] error[E0433]: failed to resolve: use of undeclared type or module `ZlibDecoder`
[INFO] [stdout]    --> tests/web_server.rs:421:17
[INFO] [stdout]     |
[INFO] [stdout] 421 |     let mut e = ZlibDecoder::new(Vec::new());
[INFO] [stdout]     |                 ^^^^^^^^^^^ use of undeclared type or module `ZlibDecoder`
[INFO] [stdout] 
[INFO] [stdout] 
[INFO] [stdout] error[E0433]: failed to resolve: use of undeclared type or module `BrotliDecoder`
[INFO] [stdout]    --> tests/web_server.rs:450:17
[INFO] [stdout]     |
[INFO] [stdout] 450 |     let mut e = BrotliDecoder::new(Vec::with_capacity(2048));
[INFO] [stdout]     |                 ^^^^^^^^^^^^^ use of undeclared type or module `BrotliDecoder`
[INFO] [stdout] 
[INFO] [stdout] 
[INFO] [stdout] error[E0433]: failed to resolve: use of undeclared type or module `GzEncoder`
[INFO] [stdout]    --> tests/web_server.rs:467:17
[INFO] [stdout]     |
[INFO] [stdout] 467 |     let mut e = GzEncoder::new(Vec::new(), Compression::default());
[INFO] [stdout]     |                 ^^^^^^^^^ use of undeclared type or module `GzEncoder`
[INFO] [stdout] 
[INFO] [stdout] 
[INFO] [stdout] error[E0433]: failed to resolve: use of undeclared type or module `GzEncoder`
[INFO] [stdout]    --> tests/web_server.rs:492:17
[INFO] [stdout]     |
[INFO] [stdout] 492 |     let mut e = GzEncoder::new(Vec::new(), Compression::default());
[INFO] [stdout]     |                 ^^^^^^^^^ use of undeclared type or module `GzEncoder`
[INFO] [stdout] 
[INFO] [stdout] 
[INFO] [stdout] error[E0433]: failed to resolve: use of undeclared type or module `GzEncoder`
[INFO] [stdout]    --> tests/web_server.rs:518:17
[INFO] [stdout]     |
[INFO] [stdout] 518 |     let mut e = GzEncoder::new(Vec::new(), Compression::default());
[INFO] [stdout]     |                 ^^^^^^^^^ use of undeclared type or module `GzEncoder`
[INFO] [stdout] 
[INFO] [stdout] 
[INFO] [stdout] error[E0433]: failed to resolve: use of undeclared type or module `GzEncoder`
[INFO] [stdout]    --> tests/web_server.rs:548:17
[INFO] [stdout]     |
[INFO] [stdout] 548 |     let mut e = GzEncoder::new(Vec::new(), Compression::default());
[INFO] [stdout]     |                 ^^^^^^^^^ use of undeclared type or module `GzEncoder`
[INFO] [stdout] 
[INFO] [stdout] 
[INFO] [stdout] error[E0433]: failed to resolve: use of undeclared type or module `ZlibEncoder`
[INFO] [stdout]    --> tests/web_server.rs:573:17
[INFO] [stdout]     |
[INFO] [stdout] 573 |     let mut e = ZlibEncoder::new(Vec::new(), Compression::default());
[INFO] [stdout]     |                 ^^^^^^^^^^^ use of undeclared type or module `ZlibEncoder`
[INFO] [stdout] 
[INFO] [stdout] 
[INFO] [stdout] error[E0433]: failed to resolve: use of undeclared type or module `brotli2`
[INFO] [stdout]  --> tests/http_awc_client.rs:7:5
[INFO] [stdout]   |
[INFO] [stdout] 7 | use brotli2::write::BrotliEncoder;
[INFO] [stdout]   |     ^^^^^^^ use of undeclared type or module `brotli2`
[INFO] [stdout] 
[INFO] [stdout] 
[INFO] [stdout] error[E0433]: failed to resolve: use of undeclared type or module `ZlibEncoder`
[INFO] [stdout]    --> tests/web_server.rs:599:17
[INFO] [stdout]     |
[INFO] [stdout] 599 |     let mut e = ZlibEncoder::new(Vec::new(), Compression::default());
[INFO] [stdout]     |                 ^^^^^^^^^^^ use of undeclared type or module `ZlibEncoder`
[INFO] [stdout] 
[INFO] [stdout] 
[INFO] [stdout] error[E0433]: failed to resolve: use of undeclared type or module `ZlibEncoder`
[INFO] [stdout]    --> tests/web_server.rs:629:17
[INFO] [stdout]     |
[INFO] [stdout] 629 |     let mut e = ZlibEncoder::new(Vec::new(), Compression::default());
[INFO] [stdout]     |                 ^^^^^^^^^^^ use of undeclared type or module `ZlibEncoder`
[INFO] [stdout] 
[INFO] [stdout] 
[INFO] [stdout] error[E0433]: failed to resolve: use of undeclared type or module `BrotliEncoder`
[INFO] [stdout]    --> tests/web_server.rs:655:17
[INFO] [stdout]     |
[INFO] [stdout] 655 |     let mut e = BrotliEncoder::new(Vec::new(), 5);
[INFO] [stdout]     |                 ^^^^^^^^^^^^^ use of undeclared type or module `BrotliEncoder`
[INFO] [stdout] 
[INFO] [stdout] 
[INFO] [stdout] error[E0432]: unresolved import `ntex::web::middleware::Compress`
[INFO] [stdout]   --> tests/http_awc_client.rs:21:5
[INFO] [stdout]    |
[INFO] [stdout] 21 | use ntex::web::middleware::Compress;
[INFO] [stdout]    |     ^^^^^^^^^^^^^^^^^^^^^^^^^^^^^^^ no `Compress` in `web::middleware`
[INFO] [stdout] 
[INFO] [stdout] 
[INFO] [stdout] error[E0433]: failed to resolve: use of undeclared type or module `flate2`
[INFO] [stdout]   --> tests/http_awc_client.rs:10:5
[INFO] [stdout]    |
[INFO] [stdout] 10 | use flate2::{read::GzDecoder, write::GzEncoder, write::ZlibEncoder, Compression};
[INFO] [stdout]    |     ^^^^^^ use of undeclared type or module `flate2`
[INFO] [stdout] 
[INFO] [stdout] 
[INFO] [stdout] error[E0433]: failed to resolve: use of undeclared type or module `BrotliEncoder`
[INFO] [stdout]    --> tests/web_server.rs:689:17
[INFO] [stdout]     |
[INFO] [stdout] 689 |     let mut e = BrotliEncoder::new(Vec::new(), 5);
[INFO] [stdout]     |                 ^^^^^^^^^^^^^ use of undeclared type or module `BrotliEncoder`
[INFO] [stdout] 
[INFO] [stdout] 
[INFO] [stdout] error[E0432]: unresolved import `coo_kie`
[INFO] [stdout]  --> tests/http_awc_client.rs:9:5
[INFO] [stdout]   |
[INFO] [stdout] 9 | use coo_kie::Cookie;
[INFO] [stdout]   |     ^^^^^^^ use of undeclared type or module `coo_kie`
[INFO] [stdout] 
[INFO] [stdout] 
[INFO] [stdout] error[E0432]: unresolved import `flate2`
[INFO] [stdout]   --> tests/http_awc_client.rs:10:5
[INFO] [stdout]    |
[INFO] [stdout] 10 | use flate2::{read::GzDecoder, write::GzEncoder, write::ZlibEncoder, Compression};
[INFO] [stdout]    |     ^^^^^^ use of undeclared type or module `flate2`
[INFO] [stdout] 
[INFO] [stdout] 
[INFO] [stdout] error[E0433]: failed to resolve: use of undeclared type or module `coo_kie`
[INFO] [stdout]     --> tests/web_server.rs:1002:21
[INFO] [stdout]      |
[INFO] [stdout] 1002 |                     coo_kie::CookieBuilder::new("first", "first_value")
[INFO] [stdout]      |                     ^^^^^^^ use of undeclared type or module `coo_kie`
[INFO] [stdout] 
[INFO] [stdout] 
[INFO] [stdout] error[E0433]: failed to resolve: use of undeclared type or module `coo_kie`
[INFO] [stdout]     --> tests/web_server.rs:1006:25
[INFO] [stdout]      |
[INFO] [stdout] 1006 |                 .cookie(coo_kie::Cookie::new("second", "first_value"))
[INFO] [stdout]      |                         ^^^^^^^ use of undeclared type or module `coo_kie`
[INFO] [stdout] 
[INFO] [stdout] 
[INFO] [stdout] error[E0433]: failed to resolve: use of undeclared type or module `coo_kie`
[INFO] [stdout]     --> tests/web_server.rs:1007:25
[INFO] [stdout]      |
[INFO] [stdout] 1007 |                 .cookie(coo_kie::Cookie::new("second", "second_value"))
[INFO] [stdout]      |                         ^^^^^^^ use of undeclared type or module `coo_kie`
[INFO] [stdout] 
[INFO] [stdout] 
[INFO] [stdout] error[E0433]: failed to resolve: use of undeclared type or module `coo_kie`
[INFO] [stdout]     --> tests/web_server.rs:1012:24
[INFO] [stdout]      |
[INFO] [stdout] 1012 |     let first_cookie = coo_kie::CookieBuilder::new("first", "first_value")
[INFO] [stdout]      |                        ^^^^^^^ use of undeclared type or module `coo_kie`
[INFO] [stdout] 
[INFO] [stdout] 
[INFO] [stdout] error[E0433]: failed to resolve: use of undeclared type or module `coo_kie`
[INFO] [stdout]     --> tests/web_server.rs:1015:25
[INFO] [stdout]      |
[INFO] [stdout] 1015 |     let second_cookie = coo_kie::Cookie::new("second", "second_value");
[INFO] [stdout]      |                         ^^^^^^^ use of undeclared type or module `coo_kie`
[INFO] [stdout] 
[INFO] [stdout] 
[INFO] [stdout] warning: unused import: `std::time::Duration`
[INFO] [stdout]  --> tests/web_server.rs:4:5
[INFO] [stdout]   |
[INFO] [stdout] 4 | use std::time::Duration;
[INFO] [stdout]   |     ^^^^^^^^^^^^^^^^^^^
[INFO] [stdout]   |
[INFO] [stdout]   = note: `#[warn(unused_imports)]` on by default
[INFO] [stdout] 
[INFO] [stdout] 
[INFO] [stdout] warning: unused import: `ntex::http::HttpMessage`
[INFO] [stdout]    --> tests/web_server.rs:996:9
[INFO] [stdout]     |
[INFO] [stdout] 996 |     use ntex::http::HttpMessage;
[INFO] [stdout]     |         ^^^^^^^^^^^^^^^^^^^^^^^
[INFO] [stdout] 
[INFO] [stdout] 
[INFO] [stdout] error[E0433]: failed to resolve: use of undeclared type or module `GzDecoder`
[INFO] [stdout]    --> tests/http_awc_client.rs:471:17
[INFO] [stdout]     |
[INFO] [stdout] 471 |     let mut e = GzDecoder::new(&bytes[..]);
[INFO] [stdout]     |                 ^^^^^^^^^ use of undeclared type or module `GzDecoder`
[INFO] [stdout] 
[INFO] [stdout] 
[INFO] [stdout] error[E0433]: failed to resolve: use of undeclared type or module `GzDecoder`
[INFO] [stdout]    --> tests/http_awc_client.rs:486:17
[INFO] [stdout]     |
[INFO] [stdout] 486 |     let mut e = GzDecoder::new(&bytes[..]);
[INFO] [stdout]     |                 ^^^^^^^^^ use of undeclared type or module `GzDecoder`
[INFO] [stdout] 
[INFO] [stdout] 
[INFO] [stdout] error[E0433]: failed to resolve: use of undeclared type or module `GzEncoder`
[INFO] [stdout]    --> tests/http_awc_client.rs:496:25
[INFO] [stdout]     |
[INFO] [stdout] 496 |             let mut e = GzEncoder::new(Vec::new(), Compression::default());
[INFO] [stdout]     |                         ^^^^^^^^^ use of undeclared type or module `GzEncoder`
[INFO] [stdout] 
[INFO] [stdout] 
[INFO] [stdout] error[E0433]: failed to resolve: use of undeclared type or module `GzEncoder`
[INFO] [stdout]    --> tests/http_awc_client.rs:519:25
[INFO] [stdout]     |
[INFO] [stdout] 519 |             let mut e = GzEncoder::new(Vec::new(), Compression::default());
[INFO] [stdout]     |                         ^^^^^^^^^ use of undeclared type or module `GzEncoder`
[INFO] [stdout] 
[INFO] [stdout] 
[INFO] [stdout] error[E0433]: failed to resolve: use of undeclared type or module `GzEncoder`
[INFO] [stdout]    --> tests/http_awc_client.rs:547:25
[INFO] [stdout]     |
[INFO] [stdout] 547 |             let mut e = GzEncoder::new(Vec::new(), Compression::default());
[INFO] [stdout]     |                         ^^^^^^^^^ use of undeclared type or module `GzEncoder`
[INFO] [stdout] 
[INFO] [stdout] 
[INFO] [stdout] error[E0433]: failed to resolve: use of undeclared type or module `BrotliEncoder`
[INFO] [stdout]    --> tests/http_awc_client.rs:569:25
[INFO] [stdout]     |
[INFO] [stdout] 569 |             let mut e = BrotliEncoder::new(Vec::new(), 5);
[INFO] [stdout]     |                         ^^^^^^^^^^^^^ use of undeclared type or module `BrotliEncoder`
[INFO] [stdout] 
[INFO] [stdout] 
[INFO] [stdout] error[E0433]: failed to resolve: use of undeclared type or module `BrotliEncoder`
[INFO] [stdout]    --> tests/http_awc_client.rs:596:25
[INFO] [stdout]     |
[INFO] [stdout] 596 |             let mut e = BrotliEncoder::new(Vec::new(), 5);
[INFO] [stdout]     |                         ^^^^^^^^^^^^^ use of undeclared type or module `BrotliEncoder`
[INFO] [stdout] 
[INFO] [stdout] 
[INFO] [stdout] error[E0433]: failed to resolve: use of undeclared type or module `ZlibEncoder`
[INFO] [stdout]    --> tests/http_awc_client.rs:690:25
[INFO] [stdout]     |
[INFO] [stdout] 690 |             let mut e = ZlibEncoder::new(Vec::new(), flate2::Compression::fast());
[INFO] [stdout]     |                         ^^^^^^^^^^^ use of undeclared type or module `ZlibEncoder`
[INFO] [stdout] 
[INFO] [stdout] 
[INFO] [stdout] error[E0433]: failed to resolve: use of undeclared type or module `ZlibEncoder`
[INFO] [stdout]    --> tests/http_awc_client.rs:718:25
[INFO] [stdout]     |
[INFO] [stdout] 718 |             let mut e = ZlibEncoder::new(Vec::new(), flate2::Compression::fast());
[INFO] [stdout]     |                         ^^^^^^^^^^^ use of undeclared type or module `ZlibEncoder`
[INFO] [stdout] 
[INFO] [stdout] 
[INFO] [stdout] error[E0433]: failed to resolve: use of undeclared type or module `flate2`
[INFO] [stdout]    --> tests/http_awc_client.rs:690:62
[INFO] [stdout]     |
[INFO] [stdout] 690 |             let mut e = ZlibEncoder::new(Vec::new(), flate2::Compression::fast());
[INFO] [stdout]     |                                                              ^^^^^^^^^^^ not found in `flate2`
[INFO] [stdout]     |
[INFO] [stdout] help: consider importing this enum
[INFO] [stdout]     |
[INFO] [stdout] 1   | use rust_tls::internal::msgs::enums::Compression;
[INFO] [stdout]     |
[INFO] [stdout] 
[INFO] [stdout] 
[INFO] [stdout] error[E0433]: failed to resolve: use of undeclared type or module `flate2`
[INFO] [stdout]    --> tests/http_awc_client.rs:718:62
[INFO] [stdout]     |
[INFO] [stdout] 718 |             let mut e = ZlibEncoder::new(Vec::new(), flate2::Compression::fast());
[INFO] [stdout]     |                                                              ^^^^^^^^^^^ not found in `flate2`
[INFO] [stdout]     |
[INFO] [stdout] help: consider importing this enum
[INFO] [stdout]     |
[INFO] [stdout] 1   | use rust_tls::internal::msgs::enums::Compression;
[INFO] [stdout]     |
[INFO] [stdout] 
[INFO] [stdout] 
[INFO] [stdout] error[E0599]: no method named `cookie` found for struct `ResponseBuilder` in the current scope
[INFO] [stdout]     --> tests/web_server.rs:1001:18
[INFO] [stdout]      |
[INFO] [stdout] 1001 |                 .cookie(
[INFO] [stdout]      |                  ^^^^^^ method not found in `ResponseBuilder`
[INFO] [stdout] 
[INFO] [stdout] 
[INFO] [stdout] error[E0599]: no method named `cookies` found for struct `ClientResponse<Pin<Box<dyn futures::Stream<Item = std::result::Result<bytes::Bytes, ntex::http::error::PayloadError>>>>>` in the current scope
[INFO] [stdout]     --> tests/web_server.rs:1020:28
[INFO] [stdout]      |
[INFO] [stdout] 1020 |     let cookies = response.cookies().expect("To have cookies");
[INFO] [stdout]      |                            ^^^^^^^ method not found in `ClientResponse<Pin<Box<dyn futures::Stream<Item = std::result::Result<bytes::Bytes, ntex::http::error::PayloadError>>>>>`
[INFO] [stdout] 
[INFO] [stdout] 
[INFO] [stdout] error: aborting due to 31 previous errors; 2 warnings emitted
[INFO] [stdout] 
[INFO] [stdout] 
[INFO] [stdout] Some errors have detailed explanations: E0432, E0433, E0599.
[INFO] [stdout] 
[INFO] [stdout] For more information about an error, try `rustc --explain E0432`.
[INFO] [stdout] 
[INFO] [stderr] error: could not compile `ntex`.
[INFO] [stderr] 
[INFO] [stderr] To learn more, run the command again with --verbose.
[INFO] [stderr] warning: build failed, waiting for other jobs to finish...
[INFO] [stdout] error[E0599]: no method named `cookie` found for struct `HttpRequest` in the current scope
[INFO] [stdout]    --> tests/http_awc_client.rs:785:26
[INFO] [stdout]     |
[INFO] [stdout] 785 |                         .cookie("cookie1")
[INFO] [stdout]     |                          ^^^^^^ method not found in `HttpRequest`
[INFO] [stdout] 
[INFO] [stdout] 
[INFO] [stdout] error[E0599]: no method named `cookie` found for struct `HttpRequest` in the current scope
[INFO] [stdout]    --> tests/http_awc_client.rs:794:44
[INFO] [stdout]     |
[INFO] [stdout] 794 |                         .and_then(|()| req.cookie("cookie2").ok_or(()))
[INFO] [stdout]     |                                            ^^^^^^ method not found in `HttpRequest`
[INFO] [stdout] 
[INFO] [stdout] 
[INFO] [stdout] error[E0599]: no method named `cookie` found for struct `HttpResponseBuilder` in the current scope
[INFO] [stdout]    --> tests/http_awc_client.rs:809:48
[INFO] [stdout]     |
[INFO] [stdout] 809 | ...                   HttpResponse::Ok().cookie(cookie1).cookie(cookie2).finish(),
[INFO] [stdout]     |                                          ^^^^^^ method not found in `HttpResponseBuilder`
[INFO] [stdout] 
[INFO] [stdout] 
[INFO] [stdout] error[E0599]: no method named `cookie` found for struct `ClientRequest` in the current scope
[INFO] [stdout]    --> tests/http_awc_client.rs:817:32
[INFO] [stdout]     |
[INFO] [stdout] 817 |     let request = srv.get("/").cookie(cookie1.clone()).cookie(cookie2.clone());
[INFO] [stdout]     |                                ^^^^^^ method not found in `ClientRequest`
[INFO] [stdout] 
[INFO] [stdout] 
[INFO] [stdout] warning: unused import: `HttpMessage`
[INFO] [stdout]   --> tests/http_awc_client.rs:18:26
[INFO] [stdout]    |
[INFO] [stdout] 18 | use ntex::http::{header, HttpMessage, HttpService};
[INFO] [stdout]    |                          ^^^^^^^^^^^
[INFO] [stdout]    |
[INFO] [stdout]    = note: `#[warn(unused_imports)]` on by default
[INFO] [stdout] 
[INFO] [stdout] 
[INFO] [stdout] error: aborting due to 20 previous errors; 1 warning emitted
[INFO] [stdout] 
[INFO] [stdout] 
[INFO] [stdout] Some errors have detailed explanations: E0432, E0433, E0599.
[INFO] [stdout] 
[INFO] [stdout] For more information about an error, try `rustc --explain E0432`.
[INFO] [stdout] 
[INFO] [stdout] warning: 1 warning emitted
[INFO] [stdout] 
[INFO] [stdout] 
[INFO] [stderr] error: build failed
[INFO] running `Command { std: "docker" "inspect" "1c4f46abdb316a8a7fc12553a922eb3b2d4c31b1c31ad6c26c70afc5d8939b9a", kill_on_drop: false }`
[INFO] running `Command { std: "docker" "rm" "-f" "1c4f46abdb316a8a7fc12553a922eb3b2d4c31b1c31ad6c26c70afc5d8939b9a", kill_on_drop: false }`
[INFO] [stdout] 1c4f46abdb316a8a7fc12553a922eb3b2d4c31b1c31ad6c26c70afc5d8939b9a
